{"id":136,"date":"2018-08-20T17:34:29","date_gmt":"2018-08-20T15:34:29","guid":{"rendered":"http:\/\/wir-zentrum.de\/?page_id=136"},"modified":"2026-01-31T20:30:17","modified_gmt":"2026-01-31T19:30:17","slug":"kosten","status":"publish","type":"page","link":"https:\/\/wir-zentrum.de\/?page_id=136","title":{"rendered":"Kosten"},"content":{"rendered":"<p><strong>Kosten<\/strong><\/p>\n<p>Wir zogen uns, auch Corona - bedingt, aus der Finanzenwelt zur\u00fcck.<\/p>\n<p>Bereits in den 90er - Jahren experimentierten wir mit dem \"Gib und Nimm - Prinzip\".<\/p>\n<p>Dies lassen wir nun wieder aufleben:<\/p>\n<p>Unsere Leistungen sind f\u00fcr dich grunds\u00e4tzlich ohne finanziellen Aufwand.<\/p>\n<p>In Bereichen, in denen wir in Kompetenz und F\u00fclle sind,<br \/>\ngeben wir mit Respekt, Liebe und Begeisterung.<\/p>\n<p>Was unsere F\u00fclle mehrt oder uns entlastet,<br \/>\nempfangen wir mit gleichen Gef\u00fchlen.<\/p>\n<p>Als Menschen sind wir vom Vergleichen nicht losgel\u00f6st.<\/p>\n<p>So geben wir f\u00fcr Aufstellungs \u2013 Seminare<br \/>\n-\u00a0 \u00a0 \u00a0die gepflegten R\u00e4ume<br \/>\n-\u00a0 \u00a0 \u00a0unsere Lebenszeit<br \/>\n-\u00a0 \u00a0 \u00a0unsere Aufmerksamkeit und Kompetenz<br \/>\n-\u00a0 \u00a0 \u00a0unsere wohlwollende Allparteilichkeit<\/p>\n<p>Beobachtende Teilnahme, Stellvertreterrollen und Aufstellungen<br \/>\nhaben jede f\u00fcr sich ihren wahrnehmbaren Wert.<\/p>\n<p>Wir fordern daf\u00fcr keine Gegenleistung,<br \/>\ndoch wir w\u00fcnschen uns einen fairen Energieausgleich.<\/p>\n<p>-\u00a0 \u00a0 \u00a0Wenn Sie diesen mit Liebe und Wohlwollen geben,<br \/>\nsind Sie willkommen;<br \/>\n-\u00a0 \u00a0 \u00a0wenn Sie Bedenken haben, wie dies m\u00f6glich ist,<br \/>\nsprechen Sie mit uns;<br \/>\n-\u00a0 \u00a0 \u00a0wenn Sie bei uns ein billiges Schn\u00e4ppchen mitnehmen wollen,<br \/>\nwarten Sie bitte, bis Sie es anders wahrnehmen (s. o.)<br \/>\nund kommen Sie dann zu uns.<\/p>\n<p>Wir begr\u00fc\u00dfen Sie von Herzen<\/p>\n<p>Wenn f\u00fcr uns offensichtliche finanzielle Belastungen entstehen, sollten Sie diese anteilig tragen. Dies betrifft vorrangig Raumkosten und h\u00f6here Fahrtkosten. Wir leiten das Geld weiter, so dass f\u00fcr uns keine Einnahmen entstehen.<\/p>\n","protected":false},"excerpt":{"rendered":"<p>Kosten Wir zogen uns, auch Corona - bedingt, aus der Finanzenwelt zur\u00fcck. Bereits in den 90er - Jahren experimentierten wir mit dem \"Gib und Nimm - Prinzip\". Dies lassen wir nun wieder aufleben: Unsere Leistungen sind f\u00fcr dich grunds\u00e4tzlich ohne finanziellen Aufwand. In Bereichen, in denen wir in Kompetenz und F\u00fclle sind, geben wir mit <a href=\"https:\/\/wir-zentrum.de\/?page_id=136\" class=\"more-link\">...weiterlesen<span class=\"screen-reader-text\"> \"Kosten\"<\/span><\/a><\/p>\n","protected":false},"author":3,"featured_media":0,"parent":0,"menu_order":0,"comment_status":"closed","ping_status":"closed","template":"","meta":[],"_links":{"self":[{"href":"https:\/\/wir-zentrum.de\/index.php?rest_route=\/wp\/v2\/pages\/136"}],"collection":[{"href":"https:\/\/wir-zentrum.de\/index.php?rest_route=\/wp\/v2\/pages"}],"about":[{"href":"https:\/\/wir-zentrum.de\/index.php?rest_route=\/wp\/v2\/types\/page"}],"author":[{"embeddable":true,"href":"https:\/\/wir-zentrum.de\/index.php?rest_route=\/wp\/v2\/users\/3"}],"replies":[{"embeddable":true,"href":"https:\/\/wir-zentrum.de\/index.php?rest_route=%2Fwp%2Fv2%2Fcomments&post=136"}],"version-history":[{"count":11,"href":"https:\/\/wir-zentrum.de\/index.php?rest_route=\/wp\/v2\/pages\/136\/revisions"}],"predecessor-version":[{"id":295,"href":"https:\/\/wir-zentrum.de\/index.php?rest_route=\/wp\/v2\/pages\/136\/revisions\/295"}],"wp:attachment":[{"href":"https:\/\/wir-zentrum.de\/index.php?rest_route=%2Fwp%2Fv2%2Fmedia&parent=136"}],"curies":[{"name":"wp","href":"https:\/\/api.w.org\/{rel}","templated":true}]}}